e 2, what is 1 - -1?
10
In base 12, what is -12 - -1?
-11
In base 4, what is 2 - 323202?
-323200
In base 6, what is -5 - 100?
-105
In base 7, what is -20 - 254?
-304
In base 13, what is 2 + 12b2?
12b4
In base 2, what is -100 + -1001110?
-1010010
In base 16, what is -206 - 4?
-20a
In base 13, what is 22 + -42?
-20
In base 5, what is -2233 - -21?
-2212
In base 15, what is 117 - 5?
112
In base 15, what is -2637 - 0?
-2637
In base 11, what is 89 - -32?
110
In base 5, what is 1442 - 3?
1434
In base 8, what is 1463 + -5?
1456
In base 16, what is -13 - -2?
-11
In base 12, what is -5 + 198?
193
In base 3, what is -21 - -11011?
10220
In base 11, what is -5 + -2434?
-2439
In base 3, what is -11 - 111?
-122
In base 5, what is -23 + 0?
-23
In base 7, what is 5 + -12614?
-12606
In base 4, what is 102 - -1010?
1112
In base 8, what is 35 - -34?
71
In base 4, what is -1 - -1000011?
1000010
In base 10, what is 165 + -5?
160
In base 6, what is -35 + -20?
-55
In base 10, what is -1 - -1464?
1463
In base 7, what is -1 - 13?
-14
In base 16, what is -54 - -2?
-52
In base 2, what is -10 - -100001001?
100000111
In base 11, what is 29a - a?
290
In base 6, what is 10 - 21?
-11
In base 10, what is -160 + -10?
-170
In base 11, what is 0 + -65a?
-65a
In base 16, what is -a + -2?
-c
In base 9, what is 4 + 5457?
5462
In base 16, what is 124 - 4?
120
In base 8, what is 4 - 1044?
-1040
In base 3, what is -100200110 + -1?
-100200111
In base 10, what is 136 - 5?
131
In base 9, what is -76463 - 5?
-76468
In base 7, what is 111 + 314?
425
In base 11, what is 98 - a?
89
In base 8, what is -11226 + 4?
-11222
In base 3, what is -2021 - -200?
-1121
In base 12, what is -119 - -2?
-117
In base 13, what is -1 + -353?
-354
In base 2, what is -110110 - 10011?
-1001001
In base 16, what is 216 - -3?
219
In base 9, what is 56 + -53?
3
In base 15, what is 8 + 1?
9
In base 7, what is -20 - -5?
-12
In base 2, what is 1111010 - 11101?
1011101
In base 13, what is 115 + -2?
113
In base 5, what is -30 + -324?
-404
In base 16, what is 2 + -15f?
-15d
In base 5, what is -4 - 1401?
-1410
In base 14, what is 0 + -5c?
-5c
In base 13, what is -9 - 4a?
-56
In base 4, what is 13 + 132113?
132132
In base 3, what is 112100021 - 10?
112100011
In base 3, what is 21 + 10102022?
10102120
In base 4, what is 0 - -2213?
2213
In base 7, what is 41 - 22?
16
In base 5, what is -22244 - 20?
-22314
In base 7, what is 314 + -21?
263
In base 11, what is 41 - 1a?
22
In base 10, what is -2219 - 4?
-2223
In base 10, what is -758 - -24?
-734
In base 13, what is -87 - 4?
-8b
In base 5, what is 12100 + -114?
11431
In base 13, what is -4 - 3?
-7
In base 9, what is 47 - 54?
-6
In base 12, what is 83 + -1?
82
In base 16, what is 5 - -1b?
20
In base 10, what is 1 - -22?
23
In base 11, what is 21 + 5?
26
In base 5, what is 23133 + -13?
23120
In base 16, what is 121 - 2?
11f
In base 12, what is 139 - -5?
142
In base 14, what is -b - 14?
-21
In base 16, what is -f + 11a?
10b
In base 3, what is 2 - 20021?
-20012
In base 14, what is 1 + 137?
138
In base 12, what is 16 + -5?
11
In base 12, what is 2 + -1388?
-1386
In base 13, what is 2 + 696?
698
In base 3, what is 12 + -122202?
-122120
In base 2, what is -1 - -110010011?
110010010
In base 8, what is 2617 + -1?
2616
In base 6, what is 14 + 435?
453
In base 13, what is 0 - 4c?
-4c
In base 16, what is fe - -2?
100
In base 8, what is -2 + 1304?
1302
In base 3, what is 11202 - 11?
11121
In base 5, what is 34 - 431?
-342
In base 9, what is -215 + 0?
-215
In base 8, what is -105 + 2?
-103
In base 10, what is -2 + -3141?
-3143
In base 5, what is 23 - 134?
-111
In base 10, what is -71 - 136?
-207
In base 6, what is -140031 - 0?
-140031
In base 10, what is 206 + -5?
201
In base 2, what is -101 + -1000?
-1101
In base 15, what is 5 + -23?
-1d
In base 5, what is -3104 - -2?
-3102
In base 14, what is -3 + 1d8?
1d5
In base 16, what is 1c + c?
28
In base 16, what is 8 + -2?
6
In base 4, what is 231 + 10?
301
In base 15, what is -61 - 3?
-64
In base 2, what is -1001 - -100011?
11010
In base 15, what is 5 + 49?
4e
In base 15, what is 60 - -20?
80
In base 6, what is 0 - -1245?
1245
In base 5, what is 10 - 130?
-120
In base 14, what is -20c - -2b?
-1c1
In base 2, what is -1110101 + 1?
-1110100
In base 3, what is -21100 - 10?
-21110
In base 16, what is b - -26?
31
In base 6, what is 25 - 14?
11
In base 12, what is 51 - -2?
53
In base 8, what is 52 - -1?
53
In base 15, what is -3c8 + -5?
-3cd
In base 16, what is -48e + 2?
-48c
In base 2, what is -100111 - 1100?
-110011
In base 15, what is -4b8 - -4?
-4b4
In base 3, what is -212 + -1?
-220
In base 9, what is -8265 + 5?
-8260
In base 14, what is a - -3aa?
3b6
In base 7, what is 10303 + 6?
10312
In base 5, what is 4 + 121344?
121403
In base 15, what is 13 - 18?
-5
In base 5, what is -21000 - 10?
-21010
In base 16, what is 0 + -1b0?
-1b0
In base 2, what is -1111010111 + -10?
-1111011001
In base 12, what is 1b4 - -4?
1b8
In base 6, what is 4 - 401?
-353
In base 11, what is 8 - -156?
163
In base 4, what is -1202 + 211?
-331
In base 7, what is 131 - 12?
116
In base 8, what is -2 + -336?
-340
In base 7, what is 5 - 1363?
-1355
In base 2, what is -11111001010 + -10?
-11111001100
In base 5, what is -21200 + 10?
-21140
In base 14, what is 1 - -2447?
2448
In base 14, what is 6 - 332?
-32a
In base 5, what is -1 - -34103?
34102
In base 12, what is 1 - -84?
85
In base 14, what is -5 - -29?
24
In base 13, what is -196 - 2a?
-1c3
In base 10, what is 1 + -151?
-150
In base 15, what is 12 - -1?
13
In base 2, what is 110 - -101100000011?
101100001001
In base 8, what is 1155 - -1?
1156
In base 3, what is -1111 + 110?
-1001
In base 12, what is -770 + -5?
-775
In base 8, what is 5230 - -2?
5232
In base 11, what is -1083a - -4?
-10836
In base 6, what is -3 - -23053?
23050
In base 5, what is -40321 - -10?
-40311
In base 13, what is -2 - 70?
-72
In base 6, what is 12435 + 5?
12444
In base 8, what is 2 + 5237?
5241
In base 4, what is -12 + 3113?
3101
In base 6, what is 4 + -2401?
-2353
In base 13, what is -1 + -577?
-578
In base 14, what is 3 - -43?
46
In base 5, what is 0 + 214?
214
In base 12, what is 61 - 0?
61
In base 4, what is -1 - -222022?
222021
In base 16, what is 17c - -1?
17d
In base 12, what is -2 - -5a?
58
In base 10, what is -53 + -30?
-83
In base 8, what is 21255 + -5?
21250
In base 10, what is 195 - 3?
192
In base 2, what is 10101 - -111111?
1010100
In base 2, what is 10 + 100001110?
100010000
In base 5, what is 4 + -303?
-244
In base 2, what is -1011011111001111 + 1?
-1011011111001110
In base 3, what is 12 + 10211?
11000
In base 9, what is -4 + 184?
180
In base 9, what is 112 + 28?
141
In base 9, what is -807 - -1?
-806
In base 8, what is -3 - -126?
123
In base 6, what is 3451 + 44?
3535
In base 2, what is -101 + 10011110?
10011001
In base 10, what is -1 - 71?
-72
In base 9, what is 376 + -4?
372
In base 10, what is 64 + -118?
-54
In base 12, what is 6 - 20a2?
-2098
In base 16, what is -c02b + -2?
-c02d
In base 13, what is -69 - 5?
-71
In base 16, what is da + 0?
da
In base 7, what is -225 + -4?
-232
In base 10, what is -1 + 152?
151
In base 2, what is 100101 - 111111111?
-111011010
In base 5, what is -11 - -10?
-1
In base 10, what is 190 - 2?
188
In base 15, what is 50c - 0?
50c
In base 4, what is 3133 + -110?
3023
In base 7, what is 40 - 0?
40
In base 16, what is 42 - 0?
42
In base 2, what is -100010000011 - 10000?
-100010010011
In base 8, what is -5 - 365?
-372
In base 12, what is 76 + 57?
111
In base 16, what is -2 - -75?
73
In base 8, what is -6 - 404?
-412
In base 2, what is 100 + -10111000010?
-10110111110
In base 10, what is -4 + 183?
179
In base 8, what is -4 + 121?
115
In base 16, what is -5 - -9f?
9a
In base 10, what is -5 - 1801?
-1806
In base 6, what is -104 + 33?
-31
In base 3, what is -111 - -1020?
202
In base 16, what is 29 - -19a?
1c3
In base 5, what is 1 + 1331?
1332
In base 10, what is 17902 - 3?
17899
In base 8, what is -114 + 27?
-65
In base 10, what is -1 - 110?
-111
In base 16, what is c39 - 5?
c34
In base 16, what is 15b + -31?
12a
In base 3, what is -11 - 10002?
-10020
In base 7, what is 3 - 10603?
-10600
In base 5, what is 2 + 11330?
11332
In base 12, what is 489 + -2?
487
In base 15, what is -a - -169?
15e
In base 4, what is 230 - 20?
21